{"id":216,"date":"2019-06-12T09:54:41","date_gmt":"2019-06-12T09:54:41","guid":{"rendered":"http:\/\/email-soft.net\/fire-expert\/?page_id=216"},"modified":"2019-07-04T07:34:56","modified_gmt":"2019-07-04T07:34:56","slug":"control-software","status":"publish","type":"page","link":"https:\/\/firexpertsest.com\/index.php\/control-software\/","title":{"rendered":"Control Software"},"content":{"rendered":"<body><div id=\"pl-216\" class=\"panel-layout\"><div id=\"pg-216-0\" class=\"panel-grid panel-no-style\"><div id=\"pgc-216-0-0\" class=\"panel-grid-cell\"><div id=\"panel-216-0-0-0\" class=\"so-panel widget widget_text panel-first-child panel-last-child\" data-index=\"0\">\t\t\t<div class=\"textwidget\"><p><\/p>NEO Control es una aplicaci\u00f3n autoinstalable y sin base de datos que permite controlar y supervisar de manera sencilla cualquier sistema NEO de LDA Audio Tech mediante acceso remoto y seguro.\n<p><strong>Caracter\u00edsticas Generales<\/strong><\/p>\n<li>Control central y seguro del sistema NEO.<\/li>\n<li>Enrutado de audio de calidad.<\/li>\n<li>F\u00e1cil de instalar y configurar.<\/li>\n<li>Control de vol\u00famenes.<\/li>\n<li>Supervisi\u00f3n completa del sistema (fallos, modo evacuaci\u00f3n, etc.) por zonas.<\/li>\n<li>Permite a\u00f1adir el plano de la instalaci\u00f3n.<\/li>\n<li>Sincronizado con el sistema NEO.<\/li>\n<li>No necesita configurar base de datos.<\/li>\n<li>Exclusivo para sistemas NEO (unidades NEO 8060 y NEO Extension).<\/li>\n<li>Un sistema NEO puede aceptar como m\u00e1ximo 5 conexiones desde NEO Control.<\/li>\n<li>NEO Control permite controlar \u00fanicamente un sistema NEO 8060 + NEO Extensions. No permite controlar m\u00faltiples sistemas NEO.<\/li>\n<p><\/p>\n<\/div>\n\t\t<\/div><\/div><\/div><div id=\"pg-216-1\" class=\"panel-grid panel-has-style\"><div class=\"panel-row-style panel-row-style-for-216-1\"><div id=\"pgc-216-1-0\" class=\"panel-grid-cell\"><div id=\"panel-216-1-0-0\" class=\"so-panel widget widget_sow-image panel-first-child\" data-index=\"1\"><div class=\"panel-widget-style panel-widget-style-for-216-1-0-0\"><div class=\"so-widget-sow-image so-widget-sow-image-default-8b5b6f678277-216\">\n<div class=\"sow-image-container\">\n\t\t\t<a href=\"http:\/\/www.simeapp.com\/demo\/\">\n\t\t\t<img decoding=\"async\" src=\"https:\/\/i0.wp.com\/firexpertsest.com\/wp-content\/uploads\/2019\/07\/SimeControl_Screen.png?fit=917%2C733&amp;ssl=1\" width=\"917\" height=\"733\" srcset=\"https:\/\/i0.wp.com\/firexpertsest.com\/wp-content\/uploads\/2019\/07\/SimeControl_Screen.png?w=917&amp;ssl=1 917w, https:\/\/i0.wp.com\/firexpertsest.com\/wp-content\/uploads\/2019\/07\/SimeControl_Screen.png?resize=300%2C240&amp;ssl=1 300w, https:\/\/i0.wp.com\/firexpertsest.com\/wp-content\/uploads\/2019\/07\/SimeControl_Screen.png?resize=768%2C614&amp;ssl=1 768w, https:\/\/i0.wp.com\/firexpertsest.com\/wp-content\/uploads\/2019\/07\/SimeControl_Screen.png?resize=263%2C210&amp;ssl=1 263w\" alt=\"\" class=\"so-widget-image\" loading=\"lazy\">\n\t\t\t<\/a><\/div>\n\n<\/div><\/div><\/div><div id=\"panel-216-1-0-1\" class=\"so-panel widget widget_sow-editor panel-last-child\" data-index=\"2\"><div class=\"so-widget-sow-editor so-widget-sow-editor-base\">\n<div class=\"siteorigin-widget-tinymce textwidget\">\n\t<p><\/p>\n<p><strong>SIME Control<\/strong><br>\nEl sistema SIME Control es la plataforma software de control, configuraci\u00f3n y gesti\u00f3n para sistemas de megafon\u00eda y alarma por voz LDA.<br>\n<strong>User: ldademo - Password: ldademo<\/strong><\/p>\n<p><\/p>\n<\/div>\n<\/div><\/div><\/div><div id=\"pgc-216-1-1\" class=\"panel-grid-cell\"><div id=\"panel-216-1-1-0\" class=\"so-panel widget widget_sow-image panel-first-child\" data-index=\"3\"><div class=\"panel-widget-style panel-widget-style-for-216-1-1-0\"><div class=\"so-widget-sow-image so-widget-sow-image-default-8b5b6f678277-216\">\n<div class=\"sow-image-container\">\n\t\t\t<a href=\"http:\/\/www.simeapp.com\/simecal\/\">\n\t\t\t<img decoding=\"async\" src=\"https:\/\/i0.wp.com\/firexpertsest.com\/wp-content\/uploads\/2019\/07\/SimeCalendar_Screen.png?fit=917%2C733&amp;ssl=1\" width=\"917\" height=\"733\" srcset=\"https:\/\/i0.wp.com\/firexpertsest.com\/wp-content\/uploads\/2019\/07\/SimeCalendar_Screen.png?w=917&amp;ssl=1 917w, https:\/\/i0.wp.com\/firexpertsest.com\/wp-content\/uploads\/2019\/07\/SimeCalendar_Screen.png?resize=300%2C240&amp;ssl=1 300w, https:\/\/i0.wp.com\/firexpertsest.com\/wp-content\/uploads\/2019\/07\/SimeCalendar_Screen.png?resize=768%2C614&amp;ssl=1 768w, https:\/\/i0.wp.com\/firexpertsest.com\/wp-content\/uploads\/2019\/07\/SimeCalendar_Screen.png?resize=263%2C210&amp;ssl=1 263w\" alt=\"\" class=\"so-widget-image\" loading=\"lazy\">\n\t\t\t<\/a><\/div>\n\n<\/div><\/div><\/div><div id=\"panel-216-1-1-1\" class=\"so-panel widget widget_sow-editor panel-last-child\" data-index=\"4\"><div class=\"so-widget-sow-editor so-widget-sow-editor-base\">\n<div class=\"siteorigin-widget-tinymce textwidget\">\n\t<p><\/p>\n<p><strong>SIME Calendar<\/strong><br>\nEl software SIME Calendar es un m\u00f3dulo de SIME que permite la programaci\u00f3n de eventos por fecha y hora (ya sean listas musicales en MP3, mensajes pregrabados, sirenas, etc) dentro de las zonas elegidas del sistema local o multi-site.<br>\n<strong>User: ldademo - Password: ldademo<\/strong><\/p>\n<p><\/p>\n<\/div>\n<\/div><\/div><\/div><\/div><\/div><\/div><\/body>","protected":false},"excerpt":{"rendered":"<p>NEO Control es una aplicaci\u00f3n autoinstalable y sin base de datos que permite controlar y supervisar de manera sencilla cualquier sistema NEO de LDA Audio Tech mediante acceso remoto y seguro. Caracter\u00edsticas Generales Control central y seguro del sistema NEO. Enrutado de audio de calidad. F\u00e1cil de instalar y configurar. Control de vol\u00famenes. Supervisi\u00f3n completa [&hellip;]<\/p>\n","protected":false},"author":1,"featured_media":0,"parent":0,"menu_order":0,"comment_status":"closed","ping_status":"closed","template":"","meta":{"om_disable_all_campaigns":false,"_monsterinsights_skip_tracking":false,"_monsterinsights_sitenote_active":false,"_monsterinsights_sitenote_note":"","_monsterinsights_sitenote_category":0,"footnotes":""},"class_list":["post-216","page","type-page","status-publish","hentry"],"jetpack_sharing_enabled":true,"_links":{"self":[{"href":"https:\/\/firexpertsest.com\/index.php\/wp-json\/wp\/v2\/pages\/216"}],"collection":[{"href":"https:\/\/firexpertsest.com\/index.php\/wp-json\/wp\/v2\/pages"}],"about":[{"href":"https:\/\/firexpertsest.com\/index.php\/wp-json\/wp\/v2\/types\/page"}],"author":[{"embeddable":true,"href":"https:\/\/firexpertsest.com\/index.php\/wp-json\/wp\/v2\/users\/1"}],"replies":[{"embeddable":true,"href":"https:\/\/firexpertsest.com\/index.php\/wp-json\/wp\/v2\/comments?post=216"}],"version-history":[{"count":14,"href":"https:\/\/firexpertsest.com\/index.php\/wp-json\/wp\/v2\/pages\/216\/revisions"}],"predecessor-version":[{"id":1370,"href":"https:\/\/firexpertsest.com\/index.php\/wp-json\/wp\/v2\/pages\/216\/revisions\/1370"}],"wp:attachment":[{"href":"https:\/\/firexpertsest.com\/index.php\/wp-json\/wp\/v2\/media?parent=216"}],"curies":[{"name":"wp","href":"https:\/\/api.w.org\/{rel}","templated":true}]}}